62279
What are the prime factors of 16587960?
2, 3, 5, 137, 1009
List the prime factors of 986030.
2, 5, 151, 653
List the prime factors of 199741.
199741
List the prime factors of 1663532.
2, 13, 31991
What are the prime factors of 79564?
2, 19891
What are the prime factors of 2207736?
2, 3, 3407
List the prime factors of 72869.
72869
What are the prime factors of 179559?
3, 71, 281
List the prime factors of 9480127.
9480127
What are the prime factors of 3194288?
2, 181, 1103
List the prime factors of 15126074.
2, 163, 46399
List the prime factors of 1084913.
113, 9601
What are the prime factors of 199907?
43, 4649
List the prime factors of 12012770.
2, 5, 7, 11, 15601
List the prime factors of 189379.
31, 41, 149
What are the prime factors of 1624584?
2, 3, 13, 41, 127
What are the prime factors of 1353716?
2, 7, 13, 3719
What are the prime factors of 1524105?
3, 5, 11, 3079
List the prime factors of 1810799.
1810799
List the prime factors of 18679729.
18679729
What are the prime factors of 10154223?
3, 1128247
List the prime factors of 303649.
303649
What are the prime factors of 3276095?
5, 655219
What are the prime factors of 6238617?
3, 7, 11, 113, 239
What are the prime factors of 3642404?
2, 509, 1789
List the prime factors of 2087027.
2087027
List the prime factors of 1493341.
61, 24481
List the prime factors of 1563162.
2, 3, 260527
What are the prime factors of 9898486?
2, 13, 31, 12281
List the prime factors of 1392948.
2, 3, 38693
List the prime factors of 2254592.
2, 8807
List the prime factors of 15814568.
2, 7, 11, 25673
List the prime factors of 7609.
7, 1087
What are the prime factors of 9683907?
3, 313, 10313
What are the prime factors of 3552549?
3, 7, 11, 13
What are the prime factors of 17051593?
13, 163, 619
List the prime factors of 1963160.
2, 5, 17, 2887
What are the prime factors of 578434?
2, 29, 9973
What are the prime factors of 74220?
2, 3, 5, 1237
What are the prime factors of 186822?
2, 3, 97, 107
List the prime factors of 1081996.
2, 223, 1213
What are the prime factors of 19341916?
2, 11, 43, 10223
What are the prime factors of 652578?
2, 3, 61, 1783
List the prime factors of 1999178.
2, 73, 13693
What are the prime factors of 979292?
2, 47, 5209
What are the prime factors of 1549529?
1549529
List the prime factors of 585568.
2, 29, 631
List the prime factors of 8509575.
3, 5, 83, 1367
List the prime factors of 3278615.
5, 655723
What are the prime factors of 780679?
780679
List the prime factors of 3205520.
2, 5, 17, 2357
List the prime factors of 59754.
2, 3, 23, 433
List the prime factors of 26843136.
2, 3, 17, 257
What are the prime factors of 174734?
2, 7, 1783
List the prime factors of 3197684.
2, 7, 114203
List the prime factors of 509861.
11, 46351
What are the prime factors of 12845163?
3, 79, 83, 653
List the prime factors of 6639340.
2, 5, 331967
List the prime factors of 91157.
11, 8287
List the prime factors of 237858.
2, 3, 29, 1367
List the prime factors of 2346158.
2, 19, 29, 2129
List the prime factors of 1776725.
5, 71069
What are the prime factors of 203580?
2, 3, 5, 13, 29
List the prime factors of 155037.
3, 51679
List the prime factors of 515214.
2, 3, 7, 29, 47
List the prime factors of 471340.
2, 5, 23567
List the prime factors of 8728479.
3, 197, 547
List the prime factors of 357454.
2, 29, 6163
What are the prime factors of 3055037?
811, 3767
What are the prime factors of 1471903?
1471903
What are the prime factors of 6732126?
2, 3, 124669
List the prime factors of 297395.
5, 7, 29, 293
List the prime factors of 20677932.
2, 3, 11, 47, 101
What are the prime factors of 1537950?
2, 3, 5, 10253
What are the prime factors of 4811358?
2, 3, 499, 1607
What are the prime factors of 1124379?
3, 271, 461
What are the prime factors of 8527097?
8527097
What are the prime factors of 13943599?
1487, 9377
List the prime factors of 581572.
2, 347, 419
What are the prime factors of 138808?
2, 17351
List the prime factors of 2318180.
2, 5, 31, 3739
List the prime factors of 6236.
2, 1559
List the prime factors of 10715095.
5, 2143019
What are the prime factors of 807422?
2, 7, 11, 107
List the prime factors of 361340.
2, 5, 7, 29, 89
List the prime factors of 948926.
2, 11, 43133
What are the prime factors of 3211452?
2, 3, 37, 2411
List the prime factors of 7241630.
2, 5, 11, 43, 1531
What are the prime factors of 925788?
2, 3, 179, 431
What are the prime factors of 3799102?
2, 97, 19583
List the prime factors of 219054.
2, 3, 11, 3319
What are the prime factors of 41378?
2, 17, 1217
List the prime factors of 2696452.
2, 11, 61283
What are the prime factors of 6990114?
2, 3, 23, 37
List the prime factors of 315780.
2, 3, 5, 19, 277
List the prime factors of 100257.
3, 23, 1453
List the prime factors of 2784088.
2, 348011
What are the prime factors of 35205785?
5, 7041157
List the prime factors of 577051.
107, 5393
List the prime factors of 5352831.
3, 11, 67, 269
List the prime factors of 165208.
2, 107, 193
List the prime factors of 5525.
5, 13, 17
List the prime factors of 241667.
241667
What are the prime factors of 30427069?
797, 38177
What are the prime factors of 39140?
2, 5, 19, 103
What are the prime factors of 154644?
2, 3, 7, 263
What are the prime factors of 24194482?
2, 13, 23, 40459
List the prime factors of 11597429.
19, 610391
List the prime factors of 98498.
2, 17, 2897
What are the prime factors of 3541705?
5, 151, 4691
What are the prime factors of 31731148?
2, 7932787
List the prime factors of 11209904.
2, 67, 10457
What are the prime factors of 5656158?
2, 3, 151, 2081
List the prime factors of 314161.
314161
What are the prime factors of 14103404?
2, 7, 17, 29629
List the prime factors of 2477126.
2, 101, 12263
List the prime factors of 16471995.
3, 5, 1098133
What are the prime factors of 15296474?
2, 7648237
List the prime factors of 133062.
2, 3, 67, 331
What are the prime factors of 8354848?
2, 261089
List the prime factors of 1757862.
2, 3, 3617
What are the prime factors of 5624500?
2, 5, 7, 1607
List the prime factors of 6313898.
2, 3156949
What are the prime factors of 8532385?
5, 17, 37, 2713
What are the prime factors of 1169060?
2, 5, 58453
List the prime factors of 589985.
5, 11, 17, 631
List the prime factors of 7262.
2, 3631
What are the prime factors of 264508?
2, 89, 743
List the prime factors of 342100.
2, 5, 11, 311
What are the prime factors of 11891549?
19, 625871
What are the prime factors of 15019088?
2, 7, 19157
What are the prime factors of 7285896?
2, 3, 89, 379
List the prime factors of 150085.
5, 13, 2309
List the prime factors of 8568943.
19, 450997
What are the prime factors of 483348?
2, 3, 47, 857
What are the prime factors of 671642?
2, 335821
What are the prime factors of 2116?
2, 23
List the prime factors of 1810466.
2, 7, 17, 7607
What are the prime factors of 6050757?
3, 2016919
What are the prime factors of 378391?
13, 2239
List the prime factors of 203112.
2, 3, 7, 13, 31
What are the prime factors of 4071319?
7, 581617
List the prime factors of 29268180.
2, 3, 5, 162601
What are the prime factors of 11919731?
1427, 8353
List the prime factors of 35633416.
2, 7, 13, 48947
List the prime factors of 180891.
3, 101, 199
What are the prime factors of 3648596?
2, 7, 130307
List the prime factors of 248966.
2, 281, 443
List the prime factors of 166644.
2, 3, 1543
What are the prime factors of 1468386?
2, 3, 29, 97
What are the prime factors of 421488?
2, 3, 2927
List the prime factors of 2388653.
17, 71, 1979
List the prime factors of 1432231.
31, 47, 983
List the prime factors of 945127.
541, 1747
List the prime factors of 857810.
2, 5, 85781
List the prime factors of 422804.
2, 105701
What are the prime factors of 12852300?
2, 3, 5, 42841
What are the prime factors of 9429153?
3, 3143051
List the prime factors of 618851.
17, 59, 617
What are the prime factors of 321986?
2, 7, 109, 211
What are the prime factors of 166957?
7, 17, 23, 61
List the prime factors of 48492.
2, 3, 449
List the prime factors of 1026254.
2, 131, 3917
List the prime factors of 2318720.
2, 5, 3623
What are the prime factors of 20942209?
20942209
List the prime factors of 16200971.
523, 30977
List the prime factors of 2948243.
83, 35521
What are the prime factors of 2